?
3
What is the units digit of 1152?
2
What is the units digit of 34179?
9
What is the units digit of 9814?
4
What is the tens digit of 32582?
8
What is the hundreds digit of 13639?
6
What is the tens digit of 4550?
5
What is the tens digit of 6980?
8
What is the units digit of 7961?
1
What is the tens digit of 889?
8
What is the thousands digit of 46876?
6
What is the ten thousands digit of 20140?
2
What is the thousands digit of 2469?
2
What is the units digit of 716?
6
What is the hundreds digit of 258?
2
What is the hundreds digit of 4272?
2
What is the units digit of 142?
2
What is the units digit of 7254?
4
What is the ten thousands digit of 24490?
2
What is the units digit of 3796?
6
What is the tens digit of 18972?
7
What is the units digit of 1611?
1
What is the hundreds digit of 29825?
8
What is the units digit of 126?
6
What is the ten thousands digit of 85741?
8
What is the units digit of 91195?
5
What is the thousands digit of 19483?
9
What is the tens digit of 10775?
7
What is the tens digit of 10939?
3
What is the units digit of 5465?
5
What is the hundreds digit of 2453?
4
What is the tens digit of 400?
0
What is the thousands digit of 2227?
2
What is the hundreds digit of 29424?
4
What is the hundred thousands digit of 136346?
1
What is the units digit of 8594?
4
What is the tens digit of 16734?
3
What is the units digit of 822?
2
What is the tens digit of 74463?
6
What is the tens digit of 159288?
8
What is the hundreds digit of 10610?
6
What is the ten thousands digit of 35190?
3
What is the units digit of 885?
5
What is the hundred thousands digit of 116361?
1
What is the hundreds digit of 5925?
9
What is the thousands digit of 1394?
1
What is the thousands digit of 1776?
1
What is the tens digit of 1126?
2
What is the units digit of 1489?
9
What is the tens digit of 354?
5
What is the tens digit of 95?
9
What is the tens digit of 4154?
5
What is the hundreds digit of 58059?
0
What is the thousands digit of 21175?
1
What is the tens digit of 10162?
6
What is the hundreds digit of 682?
6
What is the units digit of 30508?
8
What is the hundreds digit of 902?
9
What is the ten thousands digit of 156186?
5
What is the units digit of 47664?
4
What is the thousands digit of 1976?
1
What is the tens digit of 1597?
9
What is the hundreds digit of 18998?
9
What is the units digit of 502?
2
What is the hundreds digit of 833?
8
What is the hundreds digit of 1310?
3
What is the tens digit of 1117?
1
What is the units digit of 775?
5
What is the tens digit of 1757?
5
What is the units digit of 26951?
1
What is the tens digit of 10935?
3
What is the hundreds digit of 8354?
3
What is the tens digit of 388?
8
What is the tens digit of 4383?
8
What is the tens digit of 4965?
6
What is the tens digit of 590?
9
What is the units digit of 893?
3
What is the thousands digit of 1059?
1
What is the units digit of 17750?
0
What is the units digit of 598?
8
What is the tens digit of 3661?
6
What is the units digit of 859?
9
What is the units digit of 48?
8
What is the units digit of 1110?
0
What is the hundreds digit of 4863?
8
What is the units digit of 1441?
1
What is the units digit of 1883?
3
What is the hundreds digit of 586?
5
What is the units digit of 369?
9
What is the ten thousands digit of 58254?
5
What is the thousands digit of 123068?
3
What is the units digit of 96376?
6
What is the hundreds digit of 28667?
6
What is the thousands digit of 26688?
6
What is the hundreds digit of 380?
3
What is the units digit of 1053?
3
What is the thousands digit of 2944?
2
What is the hundreds digit of 1117?
1
What is the units digit of 1731?
1
What is the hundreds digit of 12726?
7
What is the tens digit of 5693?
9
What is the ten thousands digit of 15894?
1
What is the thousands digit of 72096?
2
What is the thousands digit of 3700?
3
What is the ten thousands digit of 23518?
2
What is the thousands digit of 4428?
4
What is the thousands digit of 5418?
5
What is the hundreds digit of 123084?
0
What is the units digit of 5282?
2
What is the units digit of 830?
0
What is the thousands digit of 30231?
0
What is the ten thousands digit of 52165?
5
What is the ten thousands digit of 34967?
3
What is the hundreds digit of 6672?
6
What is the thousands digit of 16515?
6
What is the tens digit of 926?
2
What is the units digit of 23724?
4
What is the hundreds digit of 139?
1
What is the hundreds digit of 2583?
5
What is the units digit of 127?
7
What is the units digit of 2686?
6
What is the thousands digit of 1157?
1
What is the units digit of 2801?
1
What is the tens digit of 107?
0
What is the hundreds digit of 80897?
8
What is the units digit of 1100?
0
What is the tens digit of 937?
3
What is the hundreds digit of 1380?
3
What is the ten thousands digit of 23968?
2
What is the thousands digit of 48313?
8
What is the tens digit of 65650?
5
What is the units digit of 4307?
7
What is the units digit of 269?
9
What is the hundred thousands digit of 134054?
1
What is the thousands digit of 30206?
0
What is the tens digit of 376?
7
What is the ten thousands digit of 110961?
1
What is the tens digit of 43?
4
What is the thousands digit of 16331?
6
What is the hundreds digit of 795?
7
What is the ten thousands digit of 32247?
3
What is the units digit of 2462?
2
What is the units digit of 415?
5
What is the ten thousands digit of 10018?
1
What is the hundreds digit of 6592?
5
What is the tens digit of 1321?
2
What is the ten thousands digit of 29773?
2
What is the units digit of 8090?
0
What is the units digit of 940?
0
What is the thousands digit of 3800?
3
What is the tens digit of 94671?
7
What is the hundreds digit of 4105?
1
What is the thousands digit of 6477?
6
What is the units digit of 895?
5
What is the tens digit of 17895?
9
What is the thousands digit of 48223?
8
What is the thousands digit of 5084?
5
What is the thousands digit of 1473?
1
What is the tens digit of 6710?
1
What is the units digit of 1073?
3
What is the hundreds digit of 5715?
7
What is the hundreds digit of 5245?
2
What is the tens digit of 2351?
5
What is the tens digit of 1208?
0
What is the hundreds digit of 111?
1
What is the hundreds digit of 9578?
5
What is the thousands digit of 19245?
9
What is the tens digit of 499?
9
What is the tens digit of 784?
8
What is the units digit of 246?
6
What is the ten thousands digit of 25470?
2
What is the tens digit of 5806?
0
What is the hundreds digit of 4892?
8
What is the ten thousands digit of 32754?
3
What is the tens digit of 2537?
3
What is the thousands digit of 14888?
4
What is the thousands digit of 2022?
2
What is the thousands digit of 6197?
6
What is the hundreds digit of 14572?
5
What is the units digit of 2800?
0
What is the units digit of 1276?
6
What is the tens digit of 2741?
4
What is the hundreds digit of 3294?
2
What is the hundred thousands digit of 109948?
1
What is the units digit of 69?
9
What is the hundreds digit of 2506?
5
What is the ten thousands digit of 10116?
1
What is the thousands digit of 54110?
4
What is the units digit of 58519?
9
What is the hundreds digit of 1619?
6
What is the thousands digit of 87126?
7
What is the thousands digit of 1170?
1
What is the hundreds digit of 1004?
0
What is the units digit of 135?
5
What is the tens digit of 7037?
3
What is the tens digit of 3646?
4
What is the hundreds digit of 153853?
8
What is the units digit of 3989?
9
What is the tens digit of 9004?
0
What is the tens digit of 26321?
2
What is the tens digit of 1194?
9
What is the thousands digit of 1298?
1
What is the hundreds digit of 3444?
4
What is the hundreds digit of 31948?
9
What is the hundreds digit of 440?
4
What is the ten thousands digit of 16720?
1
What is the ten thousands digit of 11719?
1
What is the hundreds digit of 216?
2
What is the tens digit of 108?
0
What is the tens digit of 991?
9
What is the hundred thousands digit of 105176?
1
What is the thousands digit of 22402?
2
What is the tens digit of 1600?
0
What is the hundreds digit of 149288?
2
What is the units digit of 702?
2
What is the ten thousands digit of 14390?
1
What is the ten thousands digit of 14377?
1
What is the hundreds digit of 5537?
5
What is the tens digit of 141?
4
What is the hundreds digit of 1990?
9
What is the th